{"id":2008,"date":"2026-04-23T22:23:53","date_gmt":"2026-04-23T22:23:53","guid":{"rendered":"https:\/\/peoplespower.com.np\/?page_id=2008"},"modified":"2026-04-23T22:23:53","modified_gmt":"2026-04-23T22:23:53","slug":"elvezd-az-izgalmakat-mikozben-az-sgcasino-elo-osztoival-jatszol-akik-valodi-kaszinoi-hangulatot-teremtenek-kozvetlenul-a-kepernyodon-keresztul-az-otthonod-kenyelmeben","status":"publish","type":"page","link":"https:\/\/peoplespower.com.np\/index.php\/elvezd-az-izgalmakat-mikozben-az-sgcasino-elo-osztoival-jatszol-akik-valodi-kaszinoi-hangulatot-teremtenek-kozvetlenul-a-kepernyodon-keresztul-az-otthonod-kenyelmeben\/","title":{"rendered":"<div style=\"position: absolute; left: -7566px;\"><p>\u00c9lvezd az izgalmakat, mik\u00f6zben az <a href=\"https:\/\/sgcasino-online.com\/\">SGcasino<\/a> \u00e9l\u0151 oszt\u00f3ival j\u00e1tszol, akik val\u00f3di kaszin\u00f3i hangulatot teremtenek k\u00f6zvetlen\u00fcl a k\u00e9perny\u0151d\u00f6n kereszt\u00fcl az otthonod k\u00e9nyelm\u00e9ben.<\/p><\/div>"},"content":{"rendered":"","protected":false},"excerpt":{"rendered":"","protected":false},"author":3,"featured_media":0,"parent":0,"menu_order":0,"comment_status":"closed","ping_status":"closed","template":"","meta":{"footnotes":""},"class_list":["post-2008","page","type-page","status-publish","hentry"],"_links":{"self":[{"href":"https:\/\/peoplespower.com.np\/index.php\/wp-json\/wp\/v2\/pages\/2008","targetHints":{"allow":["GET"]}}],"collection":[{"href":"https:\/\/peoplespower.com.np\/index.php\/wp-json\/wp\/v2\/pages"}],"about":[{"href":"https:\/\/peoplespower.com.np\/index.php\/wp-json\/wp\/v2\/types\/page"}],"author":[{"embeddable":true,"href":"https:\/\/peoplespower.com.np\/index.php\/wp-json\/wp\/v2\/users\/3"}],"replies":[{"embeddable":true,"href":"https:\/\/peoplespower.com.np\/index.php\/wp-json\/wp\/v2\/comments?post=2008"}],"version-history":[{"count":1,"href":"https:\/\/peoplespower.com.np\/index.php\/wp-json\/wp\/v2\/pages\/2008\/revisions"}],"predecessor-version":[{"id":2013,"href":"https:\/\/peoplespower.com.np\/index.php\/wp-json\/wp\/v2\/pages\/2008\/revisions\/2013"}],"wp:attachment":[{"href":"https:\/\/peoplespower.com.np\/index.php\/wp-json\/wp\/v2\/media?parent=2008"}],"curies":[{"name":"wp","href":"https:\/\/api.w.org\/{rel}","templated":true}]}}